et l(o) = -o - 7. Let s(z) = -z**3 - 4*z**2 - 5. Let i be s(-4). Give l(i).
-2
Let q(c) = 4*c. Suppose -i + 2*i = 3. Let a(g) = -g**3 + 3*g**2 - g + 2. Let d be a(i). Determine q(d).
-4
Let y(f) = 2 - 3*f**3 - 3*f**3 + 4*f**3 - 1 - 2*f**2. Calculate y(-1).
1
Let w(v) = 4*v + 1. Let o(d) = -3*d**2 + 3*d + 1. Let c be o(-1). Give w(c).
-19
Suppose 2*j = -5*u + 11, -13 = -4*u + u + 2*j. Let a(t) = 0 - t**2 - 2 + 8*t - u*t. Let d(n) = 4*n**2 + n + 1. Let o be d(-1). What is a(o)?
2
Suppose 8 = 5*h - 7. Let o(l) = -3*l**3 + 13*l**2 - 3*l + 4. Let y(g) = g**3 - 6*g**2 + g - 2. Let t(m) = h*o(m) + 7*y(m). Let z = 3 - 5. What is t(z)?
6
Let o(r) = -r**2 + 7*r + 8. Let a be o(7). Let c be (2/3)/(a/(-24)). Let m be (1 - 1)*1/c. Let b(s) = -s - 6. Give b(m).
-6
Let b(q) = q**2 + 5*q - 3. Suppose -4*s + 4*n - 16 = -0*s, -2*n = -3*s - 14. Determine b(s).
3
Let m(i) be the first derivative of -1/2*i**2 + 9*i + 2. Suppose 0 = -3*j - 9*j + 48. Give m(j).
5
Let b be (-5)/1*-1 - 0. Suppose 7*n - b*n = 0. Let c(d) be the second derivative of -d**3/6 - d. Give c(n).
0
Let k(q) = q**3 - 3*q**2 + q - 1. Let u be (2 - 1)*(0 - -1). Suppose 16 - u = 5*m. Give k(m).
2
Suppose i - 2*q = -6*q - 18, -5*i - 2*q = 0. Let k(h) = h**2 - 4*h**3 + h + 3*h**3 + i*h**2. Let g(f) = -f**2 + 5*f - 3. Let m be g(3). Give k(m).
3
Let p(a) be the second derivative of a**3/6 - 7*a. Give p(6).
6
Suppose 2*b - 4 + 0 = 0. Let x(o) = 2*o**2 + 4*o + 0*o + 3*o**b - 3*o**2. Give x(-3).
6
Let v(u) = -u + 6. Let r be v(5). Suppose 0 = -2*j + 2*s + 16, 14 = 2*j - s - 0*s. Let p(y) = r - y**2 + j*y**2 - 2. Determine p(-1).
4
Let f(v) = 2*v**2 - 7*v - 11. Let w(h) = -h**2 + 3*h + 5. Let z(s) = 4*f(s) + 9*w(s). Give z(-3).
-5
Let w(r) = -r**3 + r**2 - 1. Let i(a) = 5*a**2 - 2*a - 4. Let b(q) = i(q) - 5*w(q). Determine b(1).
4
Let c(o) be the first derivative of 1 - 5/6*o**3 + 1/12*o**4 - 2*o + 0*o**2. Let g(u) be the first derivative of c(u). Determine g(6).
6
Let d(i) = -2*i - 3. Suppose 0 = -2*u + 6 - 0. Let v(l) = l**2 - 6*l + 4. Let f be v(u). What is d(f)?
7
Suppose 3*m - 14 = 4*p, -2*p = 2*p + 20. Let l(y) = -10*y**2 + y**3 + 20*y**2 - 5 - 9*y**2 - 2*y + 2. Calculate l(m).
-3
Suppose -v + 5*h = -3*v - 4, -2*v + 2*h = -10. Let b(s) = -s**2 + 1. Give b(v).
-8
Suppose o + 3*q = 18, -21 = -4*o - 5*q + 23. Let b(w) = -w**3 + 7*w**2 - 6*w - 8. Give b(o).
-8
Let r(k) = -k**2. Suppose -11*x - 10 = -21. Determine r(x).
-1
Let l(g) be the second derivative of -g**7/840 + g**6/90 - g**5/120 + g**4/8 - 2*g**3/3 + 4*g. Let n(b) be the second derivative of l(b). Give n(4).
-1
Let r = 5 - 5. Suppose j = -r*j. Let x(w) = w**2 - 9. Calculate x(j).
-9
Let p(j) = -j**3 - j**2 - 7. Let l be (2 - (0 - -1))*-6. Let k(a) = -a - 7. Let s be k(l). Let h be (-1 - s)/(0 - 1). Calculate p(h).
-7
Suppose -2 - 18 = 5*p. Let j = -8 - p. Let o(z) be the second derivative of z**3/6 + 2*z**2 + z. Calculate o(j).
0
Let u(b) = 6*b**2 - 2*b - 1 + 0*b**2 - 3*b**2 + 0*b - b**3. Calculate u(2).
-1
Let j(m) = -m**3 + m**2 - 2*m - 1. Suppose 18*y + 6 = 21*y. Calculate j(y).
-9
Let n be (-2 - -6)*5/10. Let l(p) = -5 + 3*p**n - 4 - 2*p**2 + 6*p. Calculate l(-7).
-2
Let m(s) = 13*s - s**2 - 3*s - s**2 - 9 + s**2. Give m(6).
15
Let j = 3 + -10. Let b = 9 + j. Let z(w) = -w**3 + 2*w. Calculate z(b).
-4
Let j(r) = -4*r + 3 + 3*r + 1 + 0. Let n be 4/10 + (-27)/5. Give j(n).
9
Let g(a) = -3*a - 7. Let d(r) = -4*r - 7. Let k be (-3 - (-7)/2)*6. Let q(s) = k*g(s) - 2*d(s). Let h(l) = -l. Let u be h(3). Give q(u).
-4
Let d(g) be the second derivative of g**5/20 - g**4/6 - 2*g**3/3 + g**2/2 + 2*g. Suppose -s + 5*b = 3*s - 32, 2*b + 17 = 3*s. Calculate d(s).
-2
Let m(g) = -4*g - 3*g - 1 + 9*g. Let u be m(2). Let w(a) = 2*a - 4. Give w(u).
2
Let p(t) be the second derivative of -t**4/12 - t**3 - 7*t**2/2 - 6*t. Calculate p(-5).
-2
Let p(h) = h**2 + 20*h + 82. Let w be p(-13). Let l(f) = -f**3 - 8*f**2 + 9*f - 11. What is l(w)?
-11
Let f(k) = k + 5. Let n(m) = m + 4. Let z(a) = 4*f(a) - 5*n(a). Let h(r) = r**2 - 15*r + 42. Let u be h(11). Determine z(u).
2
Let z(i) = 4*i + 4. Let k(p) = 9*p + 8. Let o(c) = -3*k(c) + 7*z(c). Determine o(-3).
1
Let f(i) = -i**2 - 4. Let q(g) = g**2 + 8*g + 1. Let h be q(-8). Let m = -1 + h. Determine f(m).
-4
Suppose 3*s + 50 = -q, 2*s + 4*q + 60 = 10. Let p = s + 21. Let r(f) be the first derivative of -f**2/2 + 4*f + 12. What is r(p)?
-2
Let x(q) = 14*q**3 - 2*q - 1. Let w = -67 - -66. Determine x(w).
-13
Let x(p) = -2*p**3 + p**3 - 3*p - 5*p**2 - 2 + 3. Suppose -20 = 4*o + o - 2*u, 2*o + 8 = -3*u. What is x(o)?
-3
Let d(w) = -16*w + 18. Let s(m) = 5*m - 6. Let u(k) = 3*d(k) + 10*s(k). What is u(-5)?
-16
Let m = -3 - -1. Let x(s) = 2 - 4 - s**3 + 1. What is x(m)?
7
Suppose -g + 2*m = 0, 8 = 5*g - 4*m + 2. Let q(d) be the second derivative of -2/3*d**3 + 3*d**g + 0 - 1/12*d**4 - 2*d. Give q(-5).
1
Let i = -3 - -6. Suppose i = -g + j + 2, -2*g - 3*j = 12. Let o(l) be the second derivative of -l**4/12 - l**3/6 + 3*l. Calculate o(g).
-6
Let m(n) = 2*n + 1. Let l be m(2). Let k = 9 - l. Let h(y) = -y**3 + 4*y**2 - y - 1. Give h(k).
-5
Let v(p) be the first derivative of -p + 7 - 7/3*p**3 + 1/4*p**4 + 4*p**2. Give v(6).
11
Let d(w) = -12642 + 12642 - w. Give d(6).
-6
Suppose 3*w + 2*z - 16 = 0, -2*w - 3 - 3 = -2*z. Suppose w*s = 4*o - 5 - 5, 0 = 3*s + 9. Let u(q) = 4*q**2 + q - 1. What is u(o)?
4
Let j(g) = -1 + 2*g - g**3 + 8 + 4*g**2 - 3. Suppose 3*h + 0 = 15. Give j(h).
-11
Let b(a) = -4*a + 2. Let y = 22 + -7. Let u = -13 + y. What is b(u)?
-6
Let x(i) be the first derivative of -7*i**6/360 + i**3/3 - 3. Let h(u) be the third derivative of x(u). Give h(-1).
-7
Let q(z) be the first derivative of -z**3/3 + 3*z**2/2 - 5*z - 24. What is q(4)?
-9
Let u be (8 - 11) + (-13)/(-2). Let p(t) be the first derivative of 2 + u*t**2 - 1/4*t**4 - t**3 + 5*t. Determine p(-4).
-7
Let g(o) = 1 - 5 - 3*o + 2*o + 3. What is g(-5)?
4
Let f(k) = -3*k**2 + 8*k + 4. Let p(l) = -5*l**2 + 14*l + 7. Let v(i) = 7*f(i) - 4*p(i). Calculate v(-1).
-1
Let n = -47 - -51. Let d(u) = -u**2 + 5*u. Give d(n).
4
Suppose 5*g = 2 + 28. Suppose -5*d + 4*d + g = 0. Let m(u) = -219*u**2 - u**3 - 237*u**2 - 2 + 462*u**2. Determine m(d).
-2
Suppose -2*a - 30 = -7*a. Let b = 2 + 1. Let o(s) = b - 2 - 6*s - 3 + s**2 - 4. Give o(a).
-6
Let g be 15/21 - (-2)/7. Let t(a) = 0*a**2 + 2 + 2*a + g + 2*a**2. Suppose 0 = -2*m - 2 - 2. Calculate t(m).
7
Let h(c) = -c**2 + 11*c - 4. Suppose -4*o + 52 - 8 = -3*l, -l - 44 = -4*o. Determine h(o).
-4
Let o(r) be the third derivative of 0*r - 1/24*r**4 + 0 + 1/2*r**3 + 8*r**2. Calculate o(6).
-3
Let o(r) = -5*r**2 - 7*r. Let n(y) = 15*y**2 + 20*y. Let b(k) = -6*n(k) - 17*o(k). Determine b(-2).
-18
Let k(u) = -u. Let z(p) be the first derivative of -p**3/3 - p**2 + 3. Let a(j) = -2*k(j) - z(j). Determine a(-5).
5
Suppose 3*i = 4*i + 3*n + 2, 0 = -2*i + n + 3. Let f be (i/(-3))/((-1)/15). Suppose 4*a - 24 = -4*y + 8*y, -f*y - 24 = a. Let d(l) = -l**2. Give d(a).
-1
Let h(z) = 19*z + 12 + z**2 - 18*z - 7. Calculate h(0).
5
Let p = 1 - -6. Let s(u) = -6*u**2 - p*u - 1 - u**2 + 6*u. What is s(-1)?
-7
Suppose 0 = 4*y - 5 - 7. Suppose -3*t + 12 = -6. Let a = y - t. Let f(c) = -2*c**2 - 5*c - 2. Calculate f(a).
-5
Let y(n) = n - 10. Let t be y(6). Let v(d) be the third derivative of 5/6*d**3 + 2*d**2 + 1/20*d**5 - 1/6*d**4 + 0*d + 1/120*d**6 + 0. What is v(t)?
5
Let f be 1/(6/(-4)) - 330/45. Let n(b) = -2*b - 10. Give n(f).
6
Let l(m) = m**3 - 7*m**2 + 5*m + 4. Suppose 2*u - c = 15, -5*u = -3*c - 41 + 2. Give l(u).
-2
Let n(r) = r**2 - 16*r + 8. Let v(h) = -h + 1. Let u(b) = -n(b) + 6*v(b). What is u(9)?
7
Suppose -y + 13 = -2*u, 21 = -2*u + 5*y - 4. Let m(a) be the second derivative of -2*a + 0 + 3*a**2 + 1/12*a**4 + a**3. Give m(u).
1
Let m(n) = -18 + 116*n - 5*n**2 + 4*n**2 - 115*n. Give m(0).
-18
Let k(b) = -b**3 + 6*b**2 + 2*b - 5. Let d be k(6). Suppose -d*s = -2*s. Let m(p) = p**3 - p + 13. What is m(s)?
13
Let p be 2 + 0 - (1 - 5). Let q(x) be the first derivative of -x**4/4 + 7*x**3/3 - 4*x**2 + 9*x - 2. What is q(p)?
-3
Let i(f) = 3*f**2 - f - 3*f**2 - f**3 - f**2 - 13 + 24. What is i(0)?
11
Let q(j) = 7*j**3 + 7*j**2 + 5*j - 5. Let n(o) = -11*o**3 - 11*o**2 - 8*o + 8. Let r(u) = 5*n(u) + 8*q(u). Let s = 4 + -6. Determine